e units digit of n(7)?
9
Let b be (-5)/((-25)/(-6))*-5. What is the units digit of b/(-2) + 7 + 39?
3
Suppose 41*s - 2 = 39*s. What is the units digit of 0/(s - 2) - -43?
3
What is the units digit of (-422)/(-7) - 156/546?
0
Suppose -f + 6*f = 80. What is the units digit of 40/f*54/5?
7
Suppose 374 = 4*x + 3*k - 912, x + 2*k = 324. What is the tens digit of x?
2
Let l(t) = 9*t**2 - 23*t + 97. What is the units digit of l(12)?
7
Suppose -63 + 869 = 13*g. Let s = -46 + g. What is the units digit of s?
6
Let y = 107 - 67. Let a be y/(-6) + 10/(-30). Let z = 15 + a. What is the units digit of z?
8
Let g = 100 + -70. Suppose 0 = 5*x - 6*x + g. What is the units digit of x?
0
Suppose 0*b + 6*b = 0. Suppose -2*k + 144 = 2*g, g = k - b*k - 80. Suppose -5*x + 266 = k. What is the units digit of x?
8
What is the hundreds digit of -8 - (-885 + -4 + 5)?
8
Let o = 69 + -22. Let k = o + -22. Suppose 2*a - 4*x = a + 19, -a + k = -2*x. What is the tens digit of a?
3
Suppose x - 2*x = -4*n + 9, 0 = 4*x - 2*n - 20. Suppose c + x*u = 3*u + 147, 5*c = 2*u + 713. What is the tens digit of c?
4
Suppose -26*o + 15697 + 11473 = 0. What is the thousands digit of o?
1
Let m(k) = k**3 + 9*k**2 - 10*k + 3. Let j be m(-7). Let n = j + -108. What is the tens digit of n?
6
Suppose -5*b = 11 + 74. Let w = 44 + b. What is the units digit of w?
7
Let v be ((-224)/24)/((-4)/6). Let f be 4/v + 4612/28. Suppose 18*r - 15*r = f. What is the tens digit of r?
5
Suppose -2*f = 3*f - 1365. Suppose 222 + f = 5*p. What is the tens digit of p?
9
Suppose 2*s = -s + 12. Suppose s*i + 2*w = 2, 3 = i - w + 1. Suppose 2*r + 1 = -i, 0 = -o - 5*r + 42. What is the tens digit of o?
4
Let y = 397 - 145. What is the tens digit of y?
5
Suppose -2*f + 0 = 4*p + 2, 2*p - 5 = 5*f. Suppose -5*w - 3 = -8*w. What is the units digit of f + (4 - w) - 0?
2
Suppose -10332 = -85*t + 81*t. What is the thousands digit of t?
2
Suppose 3*d + 31*c = 33*c + 1765, c - 2946 = -5*d. What is the units digit of d?
9
Suppose 4*z = 2*z + 24. What is the units digit of (z/(-18))/((10/(-261))/5)?
7
Let w(a) be the second derivative of a**4/3 - 4*a**3/3 - 6*a**2 + 15*a. What is the units digit of w(6)?
4
Suppose -8*n = -14405 - 14963. What is the thousands digit of n?
3
Let n = 1659 - 1105. What is the tens digit of n?
5
Let l = -638 + 2224. What is the tens digit of l?
8
Let q(l) = 9*l**3 - 2*l**2 + 4*l + 11. What is the hundreds digit of q(5)?
1
Suppose -3*u + 30 = 15. Suppose u*z - j = -3*j + 295, -3*z + 2*j + 193 = 0. What is the units digit of z?
1
Let d = -1438 - -3829. What is the units digit of d?
1
Let d(r) = 21*r**2 - 11*r. Let w = 67 - 65. What is the tens digit of d(w)?
6
Suppose -2*g = -3*c + 1, -7*g = -2*c - 5*g + 2. What is the units digit of ((-336)/280)/(c - (-934)/940)?
8
Suppose 4*l = -2*m + 2930, l - 14*m + 10*m = 737. What is the tens digit of l?
3
What is the tens digit of (2 - 834)*(-3)/(1 - -2)?
3
Suppose -n + 14 + 40 = 0. Suppose -324 = -n*k + 50*k. What is the tens digit of k?
8
Let f(a) = a**3 + 23*a**2 + 20*a - 41. Let v be f(-22). Let h(n) be the second derivative of 19*n**3/6 - 2*n**2 + 2*n. What is the units digit of h(v)?
3
Let o(u) = -3*u - 4. Let d be o(-3). Suppose -8 = -4*v + 4*n, -d*v + 34 = 2*n - n. What is the units digit of v/(-12) + 38/4?
9
Let c = 1947 - 834. What is the thousands digit of c?
1
Let f = 982 + 364. What is the units digit of f?
6
Suppose -11*u + 43 = 10. Let m(i) = i - 6. Let x be m(6). Suppose x = 4*b - 5*j - 125 - 29, u*b - 118 = 5*j. What is the units digit of b?
6
Suppose 4*h - 42 = 2*v, -3*h - 2*v + 4*v + 31 = 0. Let z(x) = x**3 - 4*x**2 - x + 3. Let m be z(5). Let t = m + h. What is the units digit of t?
4
Let b = 9 + -4. Let f(s) = 3 + 20*s**2 - 2*s - b + 3. What is the units digit of f(1)?
9
Let x(m) = -37*m + 81. What is the units digit of x(-7)?
0
Let s(z) = -446*z + 69. What is the hundreds digit of s(-1)?
5
Suppose -10 = 5*m, 2980 = 3*f - 5*m - 2844. What is the tens digit of f?
3
Let p(h) = 6*h - 1 - 4*h + 2 + 22. Let x be p(-10). Suppose x*z - 196 = -z + 4*k, 0 = -z - 2*k + 46. What is the units digit of z?
8
Let d = 691 - 492. What is the tens digit of d?
9
Let h(w) be the first derivative of 4*w**3/3 + w**2 + 7*w - 12. What is the units digit of h(-5)?
7
Let h = -21 + 24. What is the units digit of 83 + 7/(-1) + h?
9
Let z(b) = 290*b + 11. What is the tens digit of z(2)?
9
Let r = 316 - 206. Let k(h) = -2*h**2 - h + 2. Let s be k(5). Let d = r + s. What is the tens digit of d?
5
Let r be (-235)/(-2) - (-1)/2. Let o = -76 + r. What is the tens digit of o?
4
Suppose 0 = 6*b - 4*b + 80. Let f = -27 - b. What is the units digit of f?
3
Let i = -4522 + 8265. What is the hundreds digit of i?
7
Let h(a) = 0 - 5 - 5*a - 6. Let x = -14 + 8. What is the tens digit of h(x)?
1
Suppose 5*l = -5*g + 25, 0 = -2*g + 3*l - 11 + 21. Let p(t) = -210*t**3 + t**2 + 2*t + 1. Let u be p(-1). Suppose -g*x + u = 80. What is the units digit of x?
6
Suppose u = -0*u - 8. Let v = u + 12. What is the units digit of 2/2 + 24/v?
7
Let b = 32 + -31. What is the units digit of ((-576)/(-84))/(b/7)?
8
Let m(f) = 127*f**3 + 2*f**2 - f - 1. Let z be (0 - -2)*(4 + 21/(-6)). What is the hundreds digit of m(z)?
1
Let j(c) = -3*c**2 - 184*c + 112. What is the hundreds digit of j(-58)?
6
Let h(o) = 10*o**2 + 9*o + 2. What is the units digit of h(7)?
5
Let r be (1*-20)/((-5)/15). Suppose 9*a - r = 6*a. What is the units digit of a?
0
Let x(z) = -11*z**3 + z**2 - 8*z - 7. What is the units digit of x(-3)?
3
Suppose -f - 4*c + c + 347 = 0, 12 = 3*c. Suppose -5*d + 10*d - f = 0. What is the units digit of d?
7
Let y be 0/(-1)*(8 - 9). Suppose -k = -l + 4*l - 248, y = 4*l - 4*k - 304. Suppose -3*z + 87 = -z + v, 0 = 2*z + 3*v - l. What is the units digit of z?
5
Suppose 2*m - 1616 = 2*g, 14*m = 10*m - 5*g + 3205. What is the units digit of m?
5
Let x = 1992 + -1165. What is the units digit of x?
7
Let g(q) = 10*q**3 + 1. Let a be g(2). Suppose 3*b - 62 = 5*y + 237, -a = -b - 3*y. What is the units digit of b?
3
Let o = -73 - -1733. What is the thousands digit of o?
1
Let x = -30 + 96. Let q = x + -5. What is the units digit of q?
1
Let d(m) = 4*m - 20. Let y be d(5). Suppose 3*r + a - 212 = y, a = 3*r - 3*a - 187. What is the tens digit of r?
6
Suppose j = -j + m + 5, 5*j = -4*m + 45. Suppose 0 = -4*t + 3 + j. Suppose -h - t*b - 31 = -82, -5*b - 30 = -h. What is the units digit of h?
5
Suppose 16*i - 32*i + 7392 = 0. What is the tens digit of i?
6
Let z(m) = 4*m**3 + 2*m - 1. Let q be z(1). Suppose -2*l + y - 4*y + 56 = 0, 0 = -5*l - q*y + 135. What is the units digit of l?
5
Let w = 13 - 8. Suppose 0 = c + w*c - 210. Suppose -3*l = -c - 55. What is the tens digit of l?
3
Suppose 0*g - 6*g + 18 = 0. Suppose -5*i = -4*f - 124, 2*i + g*f - 60 = 2*f. What is the tens digit of i?
2
Let b(p) = -5 + 12 + 6*p - p. What is the units digit of b(10)?
7
Let k(c) = 8*c**3 + c**2 + 3*c - 5. Let f be k(2). Suppose -p + 5*b - f = -0*b, 4*b = p + 72. Let x = -33 - p. What is the tens digit of x?
5
Suppose 93*p = 90*p - 9. What is the units digit of (259/(-28))/(p - 11/(-4))?
7
Suppose -2 + 11 = h. Suppose h*b - 7*b = 26. What is the units digit of b?
3
Let c(x) = 7*x + 4*x**2 + 2*x + 6*x - 15*x**3 - 11*x. What is the hundreds digit of c(-2)?
1
Suppose 2 = 2*f, u + 3*f = 6*u - 6292. What is the tens digit of u?
5
Suppose -f = -0*x + x - 5, 2*x + 3*f - 12 = 0. Suppose -c + x = -0, 325 = 2*z + 3*c. What is the tens digit of (-14)/28*z*-1?
7
Suppose -10*k + 14*k - 8939 = s, 5*k = 3*s + 11165. What is the hundreds digit of k?
2
Let x(d) = -12*d - 5. Let n be x(-4). Suppose 5*k + 0 - 15 = 2*z, 0 = 2*z - 2*k + 18. Let v = z + n. What is the units digit of v?
3
Let c(v) = -35*v + 24. Let r(j) = 17*j - 12. Let z(n) = 3*c(n) + 5*r(n). What is the units digit of z(-2)?
2
Suppose -2*c + 0*c + 56 = -3*j, 0 = -3*j + 12. Suppose -40*v + 43*v = 9. Suppose 0 = -3*h - 3*m + 51, m = -v*h - c + 91. What is the tens digit of h?
2
Suppose -x + 3*o - 3226 = -3*x, 2*o = 4*x - 6484. What is the hundreds digit of x?
6
Suppose 3*s + 3*j = 9, -4 - 5 = -3*s - 2*j. Suppose 0*b - 363 = s*b. What is the tens digit of (-2156)/b + (-4)/(-22)?
1
Let n(c) = -2*c. Let m be n(-1). Let k(d) = 12*d - 2*d - 12*d**m + 2*d + d**3 + 10 - d**2. What is 